(-48)/n)/((-3)/15).
2, 3
Suppose -8*q + 4*h = -13*q + 360, -2*h = 0. List the prime factors of q.
2, 3
Let h(z) = 2*z**2 + 16*z + 13. Let w be h(-7). List the prime factors of w + -1*(-70 - (-1 - 2)).
2, 3, 11
Let l(w) = 5*w**3 - 5*w**2 + 9*w - 5. Let z(p) = -3*p**3 + 2*p**2 - 5*p + 3. Let b(r) = -4*l(r) - 7*z(r). List the prime factors of b(-6).
5
Let s(m) = -m**3 - 13*m**2 - m - 10. Let c = -10 - 3. Let h be s(c). Suppose -5*t = -h*k - 219, -2*k - k + 117 = 3*t. List the prime factors of t.
2, 3, 7
Let o(d) = 367*d - 674. List the prime factors of o(10).
2, 7, 107
Let j = -19 + 61. List the prime factors of 7710/j + 3/7.
2, 23
Let z(b) = -22*b + 9. Let o(y) = y + 1. Let s(l) = -18*o(l) + 2*z(l). List the prime factors of s(-1).
2, 31
Let o = 4826 + -1666. List the prime factors of o.
2, 5, 79
Let q(n) = -137*n - 13. What are the prime factors of q(-1)?
2, 31
Suppose 2*k = -3 + 7. Suppose 474 = k*a + a. Suppose -4*p + 3*i = -a, -7*p + 2*p + 200 = -5*i. What are the prime factors of p?
2, 19
Let t = -55 - -47. What are the prime factors of ((-195)/10 - -3)/(6/t)?
2, 11
List the prime factors of 4/2 + -2 + 85.
5, 17
Let c(y) = -y**2 - 55*y - 53. List the prime factors of c(-32).
683
Let n = 659 - -3667. List the prime factors of n.
2, 3, 7, 103
Suppose 305*t = 299*t + 8136. List the prime factors of t.
2, 3, 113
Let q be 6/33 + (-24)/11. What are the prime factors of 30 + (q + 2 - -1)?
31
Let i = 3 - -7. Suppose -i*y = -y - 1035. What are the prime factors of y?
5, 23
Suppose 4 = 5*j - 6. Suppose 3*s - 43 = -k + j*s, 3*s - 6 = 0. List the prime factors of k.
41
Suppose 2*h + 5*r = -h + 991, -4*h + 1326 = 2*r. Suppose -4*w + 0*w = h. Let m = w - -156. What are the prime factors of m?
73
Suppose -3*s - h = -4*s + 2, 3 = 3*h. Suppose -w - s*c - 85 = -3*w, -185 = -4*w + c. What are the prime factors of w?
47
Suppose -3 = -i - 7. Suppose -4*k = -3*j - 78, j + 20 = -5*k + 6*k. Let d = k + i. List the prime factors of d.
2, 7
Let b = 663 - 374. Let j = b - 201. What are the prime factors of j?
2, 11
Let p = 83 - 60. Suppose p*y = 22*y + 30. List the prime factors of y.
2, 3, 5
Suppose 5*f - q = -8, -8 = -0*q + 4*q. What are the prime factors of (-2)/2*(f - 1000/8)?
127
Let w(z) = -2*z**3 - 23*z**2 - 6*z - 2. Let k be w(-12). Suppose -3*i = -200 - k. List the prime factors of i.
2, 3, 23
Suppose m - 10 = -4*m. Let z = 246 + -248. What are the prime factors of m + 2 + (z - -20)?
2, 11
Let y(j) be the third derivative of j**6/120 + j**5/60 + j**4/24 + 7*j**3/6 + 4*j**2. Let i be y(0). What are the prime factors of 63/6*24/i?
2, 3
Let m = 18 - 18. Suppose m = -4*h - 0*l - 4*l + 260, h = 3*l + 57. Let o = h + -45. What are the prime factors of o?
2, 3
Suppose -2*v = -9*t + 4*t + 25, 0 = -4*t - 2*v + 20. Suppose 0*l = -t*l + 25. Suppose -c + l*c - 240 = 0. List the prime factors of c.
2, 3, 5
Let m(s) = 24*s**2 - 17*s - 21. List the prime factors of m(-8).
13, 127
Let c = 138 + -24. Suppose 4*d + 2*d - c = 0. List the prime factors of d.
19
List the prime factors of (-84)/798 - (-2)/(76/18206).
479
Let z = -152 - -439. What are the prime factors of z?
7, 41
Let j = -39 + 39. Suppose -f - 4*f + 45 = j. What are the prime factors of f?
3
Let u be (608/(-12))/4*-3. Suppose 3*w - x - 85 = 0, -2*w + 0*w - 4*x = -u. Suppose h - 3*j - w = 23, 5*h - j = 320. List the prime factors of h.
5, 13
Suppose 0 = -3*y + v + 9, -3*v - 6 = -v. Suppose z + 4*z = -5*u + 70, y*u - 56 = 5*z. List the prime factors of u.
2, 3
Suppose 25*c - 3913 - 50562 = 0. List the prime factors of c.
2179
Suppose -5*x = 5*g, 0 = -5*g + x - 2*x + 8. List the prime factors of (-1128)/(-28) + g/(-7).
2, 5
Let k be 1*(1 - (-1)/(-1)). Suppose k = 4*s - 2*u - 620, -u - 1 - 3 = 0. What are the prime factors of s?
3, 17
Let i = 76 - -283. List the prime factors of i.
359
Suppose 0 = 6*u - 699 - 1917. List the prime factors of u.
2, 109
Let s(g) = -3*g**3 - 23*g**2 - 9*g. What are the prime factors of s(-9)?
3, 5
List the prime factors of (-5)/(150/(-1384)) + 6/(-45).
2, 23
Suppose -2*i - 10*i + 15000 = 0. Suppose -s = 4*o - 1003, 5*s = -5*o - 0*s + i. List the prime factors of o.
251
Let k(m) = m**3 + 4*m**2 - 2*m - 3. Let g be k(-3). Suppose g*b - 8*b = 180. List the prime factors of b.
3, 5
Let c be 5 + -2 - 2*-167. Suppose -c = -6*d + 23. List the prime factors of (d/16)/(9/120).
2, 5
Suppose 46 = -2*c + 42. Let v(o) = 16*o**2 - o - 1. What are the prime factors of v(c)?
5, 13
Let w = -56 - -95. Suppose 3*q - w = 405. List the prime factors of q.
2, 37
Let i(m) = -25*m + 39. Let s(b) = -12*b + 19. Let y(g) = -2*i(g) + 5*s(g). List the prime factors of y(-4).
3, 19
Suppose -13*j + 528 = -5*j. Suppose 11*l = 10*l + j. What are the prime factors of l?
2, 3, 11
Let v(d) = d**3 - 12*d**2 + 23*d + 51. List the prime factors of v(13).
3, 173
Suppose 3*s - 35 = -4*s. Let t = 292 - 173. Suppose -q + 133 = 5*l, 0*l - s*q + t = 4*l. What are the prime factors of l?
2, 13
Let g(x) = x**3 + 10*x**2 + 12*x + 44. What are the prime factors of g(-7)?
107
Suppose 21*y - 120 = 279. What are the prime factors of y?
19
Let v be 1/4 + 78/8. Let c = 6 + v. List the prime factors of c.
2
Let z(l) = 8*l - 19. Let f = 58 + -43. List the prime factors of z(f).
101
Let d = -4 + 9. Suppose 3*h - 6*h = d*c - 10, h = 2*c + 7. What are the prime factors of ((-22)/h)/(8/(-20))?
11
Suppose -5*h + 156 + 389 = -3*u, -5*h - 4*u = -510. List the prime factors of 2/2 + h + 28/7.
3, 37
Suppose u - 10 = -u, 0 = 2*x - 2*u + 4. Suppose s + x*y = -2*s - 6, -4*y = 2*s + 8. Suppose 0*w + 4*w - 16 = s. What are the prime factors of w?
2
List the prime factors of 10/4*(-774)/(-5).
3, 43
Suppose -5*j + 2*k = -8182, 65*k = -j + 64*k + 1635. What are the prime factors of j?
2, 409
Let a(x) be the first derivative of 8*x**3/3 - x**2 - 7*x + 5. List the prime factors of a(-2).
29
Let t be 32/15 + 6/(-45). List the prime factors of 47 + 1/((-1)/t).
3, 5
Let p be 1/(2/(-28)) - 0. Let t(s) = 2*s + 21. Let m be t(p). Let c(n) = n**2 + n - 10. List the prime factors of c(m).
2
Let m = 289 + 734. What are the prime factors of m?
3, 11, 31
Let t(a) = -4*a**3 - a**2 - a. Let q be t(-1). Let s be q + -6 - (-3 - 1). Suppose g + 64 = s*h + 5*g, 0 = 4*h - 4*g - 188. What are the prime factors of h?
2, 3, 7
Suppose 6260 = 21*b - 1006. What are the prime factors of b?
2, 173
Let l(j) = 1. Let b(r) = r**3 + 6*r**2 + 3*r - 11. Let x(v) = b(v) + 5*l(v). Let n be x(-5). List the prime factors of ((-464)/(-20))/(n/10).
2, 29
Let q(x) = 153*x - 33. List the prime factors of q(19).
2, 3, 479
Let h = -341 + 1385. List the prime factors of h.
2, 3, 29
Suppose 3*q - 9 = -0*q. Let l be 91 - (q - 2)/1. Let p = l + -44. What are the prime factors of p?
2, 23
Let b(c) = 5*c + 13. Let y(z) = 1. Let m(l) = b(l) - 5*y(l). Let h be m(-3). What are the prime factors of (-4)/(-14) + (-285)/h?
41
Let x(d) = d + 9. Let n(y) = y - 1. Let g(b) = 3*n(b) - x(b). Let o be g(7). Suppose 4*l - 34 = o*l. What are the prime factors of l?
17
Let s = -4106 - -6172. List the prime factors of s.
2, 1033
Let q be ((-4)/(-3))/(17/(-51)). List the prime factors of 0 + (4 + -2)/(q/(-152)).
2, 19
Suppose 0 = -x + o - 1, -3*x + 5*o - 5 - 6 = 0. Suppose -4*v - x*v = -14. What are the prime factors of v/3 - 130/(-39)?
2
Let p(z) = 12*z + 3. Let o be p(2). List the prime factors of o/(-81)*(-1 + 2)*-291.
97
Suppose 87*d = 81*d + 11358. What are the prime factors of d?
3, 631
Let w(g) = g**3 - 8*g**2 - 7*g - 21. Let v be w(9). Suppose 3*y = 4*z - 31 - 1, 3*y + 2 = -2*z. Let d = z + v. List the prime factors of d.
2
List the prime factors of (1/((-6)/8312))/((-140)/210).
2, 1039
Let i(p) = p**3 + 24*p**2 + 20*p - 53. List the prime factors of i(-21).
2, 5, 17
Let d(n) = -n**3 + 12*n**2 - 15*n + 11. Suppose -60 = -3*c - 3*c. List the prime factors of d(c).
61
List the prime factors of 10 + -4 + 1528*(-6)/(-6).
2, 13, 59
Let h(d) = 82*d - 15. List the prime factors of h(2).
149
Suppose 0 = -4*l - 5*f + 740, 4*l - 235 = 2*f + 533. List the prime factors of l.
2, 5, 19
Let h(j) = j**3 + 9*j**2 - 11*j - 13. Let i = 28 + -37. What are the prime factors of h(i)?
2, 43
What are the prime factors of (-5820)/(-16)*1 - (-1)/4?
2, 7, 13
Let z(o) = o**3 - 10*o + 2. List the prime factors of z(9).
641
Suppose 0 = -3*t